{"id":415,"date":"2019-10-02T15:19:51","date_gmt":"2019-10-02T14:19:51","guid":{"rendered":"http:\/\/fundacio.udl.cat.188-164-197-168.hst.cat\/?page_id=415"},"modified":"2020-02-06T08:50:09","modified_gmt":"2020-02-06T07:50:09","slug":"relacions-universitat-empresa","status":"publish","type":"page","link":"https:\/\/fundacio.udl.cat\/ca\/relacions-universitat-empresa\/","title":{"rendered":"Relacions Universitat-Empresa"},"content":{"rendered":"<p>[et_pb_section fb_built=&#8221;1&#8243; custom_padding_last_edited=&#8221;on|tablet&#8221; admin_label=&#8221;Cap\u00e7alera Relacions Universitat-Empresa -NO CAL EDITAR-&#8221; _builder_version=&#8221;4.0.9&#8243; use_background_color_gradient=&#8221;on&#8221; background_color_gradient_start=&#8221;rgba(0,0,0,0.2)&#8221; background_color_gradient_end=&#8221;rgba(41,196,169,0)&#8221; background_color_gradient_end_position=&#8221;60%&#8221; background_color_gradient_overlays_image=&#8221;on&#8221; background_image=&#8221;https:\/\/fundacio.udl.cat\/wp-content\/uploads\/relacions-universitat-lleida-empresa.jpg&#8221; background_position=&#8221;top_center&#8221; custom_padding=&#8221;60px||10px&#8221; custom_padding_tablet=&#8221;10px||10px&#8221; custom_padding_phone=&#8221;&#8221; global_module=&#8221;544&#8243; saved_tabs=&#8221;all&#8221; locked=&#8221;off&#8221; collapsed=&#8221;on&#8221;][et_pb_row _builder_version=&#8221;3.29.3&#8243; background_size=&#8221;initial&#8221; background_position=&#8221;top_left&#8221; background_repeat=&#8221;repeat&#8221;][et_pb_column type=&#8221;4_4&#8243; _builder_version=&#8221;3.29.3&#8243;][et_pb_post_title meta=&#8221;off&#8221; featured_image=&#8221;off&#8221; _builder_version=&#8221;4.0.6&#8243; title_font=&#8221;||||||||&#8221; title_text_color=&#8221;#ffffff&#8221; title_font_size=&#8221;3em&#8221; title_font_size_tablet=&#8221;2.5em&#8221; title_font_size_phone=&#8221;2em&#8221; title_font_size_last_edited=&#8221;on|phone&#8221; title_text_shadow_style=&#8221;preset3&#8243;][\/et_pb_post_title][\/et_pb_column][\/et_pb_row][\/et_pb_section][et_pb_section fb_built=&#8221;1&#8243; _builder_version=&#8221;3.22&#8243;][et_pb_row _builder_version=&#8221;3.25&#8243;][et_pb_column type=&#8221;4_4&#8243; _builder_version=&#8221;3.25&#8243; custom_padding=&#8221;|||&#8221; custom_padding__hover=&#8221;|||&#8221;][et_pb_text admin_label=&#8221;Text&#8221; _builder_version=&#8221;4.0.9&#8243; hover_enabled=&#8221;0&#8243;]<\/p>\n<p>La Fundaci\u00f3 UdL t\u00e9 com a objectiu fomentar i promoure les relacions de la Universitat de Lleida amb les entitats p\u00fabliques, empreses i institucions privades, a fi de potenciar les activitats de recerca de la Universitat aix\u00ed com la transfer\u00e8ncia de coneixement i tecnologia.<\/p>\n<p>[\/et_pb_text][\/et_pb_column][\/et_pb_row][et_pb_row _builder_version=&#8221;3.29.3&#8243; custom_padding=&#8221;0px||0px||false|false&#8221;][et_pb_column type=&#8221;4_4&#8243; _builder_version=&#8221;3.25&#8243; custom_padding=&#8221;|||&#8221; custom_padding__hover=&#8221;|||&#8221;][et_pb_text admin_label=&#8221;Qu\u00e8 fem?&#8221; _builder_version=&#8221;4.0.6&#8243;]<\/p>\n<h2>Qu\u00e8 fem?<\/h2>\n<p>[\/et_pb_text][\/et_pb_column][\/et_pb_row][et_pb_row column_structure=&#8221;1_3,1_3,1_3&#8243; _builder_version=&#8221;3.29.3&#8243;][et_pb_column type=&#8221;1_3&#8243; _builder_version=&#8221;3.29.3&#8243;][et_pb_blurb use_icon=&#8221;on&#8221; font_icon=&#8221;%%45%%&#8221; icon_placement=&#8221;left&#8221; admin_label=&#8221;Promoure&#8230;&#8221; _builder_version=&#8221;4.0.9&#8243; animation_style=&#8221;fade&#8221; hover_enabled=&#8221;0&#8243;]<\/p>\n<p style=\"text-align: left;\">Promoure la inversi\u00f3, ajudes i patrocini per a desenvolupar projectes i activitats que tinguin com objectiu la recerca cient\u00edfica i la transfer\u00e8ncia de coneixement i tecnologia de la UdL.<\/p>\n<p>[\/et_pb_blurb][\/et_pb_column][et_pb_column type=&#8221;1_3&#8243; _builder_version=&#8221;3.29.3&#8243;][et_pb_blurb use_icon=&#8221;on&#8221; font_icon=&#8221;%%45%%&#8221; icon_placement=&#8221;left&#8221; admin_label=&#8221;Formalitzar&#8230;&#8221; _builder_version=&#8221;4.0.9&#8243; animation_style=&#8221;fade&#8221; hover_enabled=&#8221;0&#8243;]<\/p>\n<p style=\"text-align: left;\">Assessorar les empreses en la preparaci\u00f3 de contractes i convenis de recerca, desenvolupament i innovaci\u00f3 en els que participi la UdL.<\/p>\n<p>[\/et_pb_blurb][\/et_pb_column][et_pb_column type=&#8221;1_3&#8243; _builder_version=&#8221;3.29.3&#8243;][et_pb_blurb use_icon=&#8221;on&#8221; font_icon=&#8221;%%45%%&#8221; icon_placement=&#8221;left&#8221; admin_label=&#8221;Assessorar&#8230;&#8221; _builder_version=&#8221;4.0.9&#8243; animation_style=&#8221;fade&#8221; hover_enabled=&#8221;0&#8243;]<\/p>\n<p style=\"text-align: left;\">Difondre i incentivar l\u2019\u00fas de la cartera de serveis que la UdL ofereix a les empreses.<\/p>\n<p>[\/et_pb_blurb][\/et_pb_column][\/et_pb_row][et_pb_row column_structure=&#8221;1_3,1_3,1_3&#8243; custom_padding_last_edited=&#8221;on|tablet&#8221; _builder_version=&#8221;3.29.3&#8243; custom_padding=&#8221;||||false|false&#8221; custom_padding_tablet=&#8221;0px||||false|false&#8221; custom_padding_phone=&#8221;&#8221;][et_pb_column type=&#8221;1_3&#8243; _builder_version=&#8221;3.29.3&#8243;][et_pb_blurb use_icon=&#8221;on&#8221; font_icon=&#8221;%%45%%&#8221; icon_placement=&#8221;left&#8221; admin_label=&#8221;Recolzament&#8230;&#8221; _builder_version=&#8221;4.0.9&#8243; animation_style=&#8221;fade&#8221; hover_enabled=&#8221;0&#8243;]<\/p>\n<p style=\"text-align: left;\">Organitzar i gestionar activitats de formaci\u00f3 continuada d\u2019acord amb les necessitats de l\u2019empresa.<\/p>\n<p>[\/et_pb_blurb][\/et_pb_column][et_pb_column type=&#8221;1_3&#8243; _builder_version=&#8221;3.29.3&#8243;][et_pb_blurb use_icon=&#8221;on&#8221; font_icon=&#8221;%%45%%&#8221; icon_placement=&#8221;left&#8221; admin_label=&#8221;Accions&#8230;&#8221; _builder_version=&#8221;4.0.9&#8243; animation_style=&#8221;fade&#8221; hover_enabled=&#8221;0&#8243;]<\/p>\n<p style=\"text-align: left;\">Coordinar i realitzar treballs, estudis i informes que siguin d\u2019inter\u00e8s per a les entitats p\u00fabliques, empreses i institucions privades en qualsevol \u00e0rea o disciplina.<\/p>\n<p>[\/et_pb_blurb][\/et_pb_column][et_pb_column type=&#8221;1_3&#8243; _builder_version=&#8221;3.29.3&#8243;][et_pb_blurb use_icon=&#8221;on&#8221; font_icon=&#8221;%%45%%&#8221; icon_placement=&#8221;left&#8221; admin_label=&#8221;Realitzaci\u00f3&#8230;&#8221; _builder_version=&#8221;4.0.9&#8243; animation_style=&#8221;fade&#8221; hover_enabled=&#8221;0&#8243;]<\/p>\n<p style=\"text-align: left;\">Incentivar la formaci\u00f3 dual i la realitzaci\u00f3 de pr\u00e0ctiques de l\u2019estudiant en l\u2019empresa.<\/p>\n<p>[\/et_pb_blurb][\/et_pb_column][\/et_pb_row][\/et_pb_section]<\/p>\n","protected":false},"excerpt":{"rendered":"<p>La Fundaci\u00f3 UdL t\u00e9 com a objectiu fomentar i promoure les relacions de la Universitat de Lleida amb les entitats p\u00fabliques, empreses i institucions privades, a fi de potenciar les activitats de recerca de la Universitat aix\u00ed com la transfer\u00e8ncia de coneixement i tecnologia. Qu\u00e8 fem? Promoure la inversi\u00f3, ajudes i patrocini per a desenvolupar [&hellip;]<\/p>\n","protected":false},"author":6,"featured_media":0,"parent":0,"menu_order":0,"comment_status":"closed","ping_status":"closed","template":"","meta":{"_et_pb_use_builder":"on","_et_pb_old_content":"<!-- wp:paragraph -->\r\n<p>This is an example page. It's different from a blog post because it will stay in one place and will show up in your site navigation (in most themes). Most people start with an About page that introduces them to potential site visitors. It might say something like this:<\/p>\r\n<!-- \/wp:paragraph -->\r\n\r\n<!-- wp:quote -->\r\n<blockquote class=\"wp-block-quote\"><p>Hi there! I'm a bike messenger by day, aspiring actor by night, and this is my website. I live in Los Angeles, have a great dog named Jack, and I like pi\u00f1a coladas. (And gettin' caught in the rain.)<\/p><\/blockquote>\r\n<!-- \/wp:quote -->\r\n\r\n<!-- wp:paragraph -->\r\n<p>...or something like this:<\/p>\r\n<!-- \/wp:paragraph -->\r\n\r\n<!-- wp:quote -->\r\n<blockquote class=\"wp-block-quote\"><p>The XYZ Doohickey Company was founded in 1971, and has been providing quality doohickeys to the public ever since. Located in Gotham City, XYZ employs over 2,000 people and does all kinds of awesome things for the Gotham community.<\/p><\/blockquote>\r\n<!-- \/wp:quote -->\r\n\r\n<!-- wp:paragraph -->\r\n<p>As a new WordPress user, you should go to <a href=\"https:\/\/fundacio.udl.cat\/wp-admin\/\">your dashboard<\/a> to delete this page and create new pages for your content. Have fun!<\/p>\r\n<!-- \/wp:paragraph -->","_et_gb_content_width":"","footnotes":""},"_links":{"self":[{"href":"https:\/\/fundacio.udl.cat\/ca\/wp-json\/wp\/v2\/pages\/415"}],"collection":[{"href":"https:\/\/fundacio.udl.cat\/ca\/wp-json\/wp\/v2\/pages"}],"about":[{"href":"https:\/\/fundacio.udl.cat\/ca\/wp-json\/wp\/v2\/types\/page"}],"author":[{"embeddable":true,"href":"https:\/\/fundacio.udl.cat\/ca\/wp-json\/wp\/v2\/users\/6"}],"replies":[{"embeddable":true,"href":"https:\/\/fundacio.udl.cat\/ca\/wp-json\/wp\/v2\/comments?post=415"}],"version-history":[{"count":9,"href":"https:\/\/fundacio.udl.cat\/ca\/wp-json\/wp\/v2\/pages\/415\/revisions"}],"predecessor-version":[{"id":1212,"href":"https:\/\/fundacio.udl.cat\/ca\/wp-json\/wp\/v2\/pages\/415\/revisions\/1212"}],"wp:attachment":[{"href":"https:\/\/fundacio.udl.cat\/ca\/wp-json\/wp\/v2\/media?parent=415"}],"curies":[{"name":"wp","href":"https:\/\/api.w.org\/{rel}","templated":true}]}}

<p>[et_pb_section fb_built=&#8221;1&#8243; custom_padding_last_edited=&#8221;on|tablet&#8221; admin_label=&#8221;Capçalera Relacions Universitat-Empresa -NO CAL EDITAR-&#8221; _builder_version=&#8221;4.0.9&#8243; use_background_color_gradient=&#8221;on&#8221; background_color_gradient_start=&#8221;rgba(0,0,0,0.2)&#8221; background_color_gradient_end=&#8221;rgba(41,196,169,0)&#8221; background_color_gradient_end_position=&#8221;60%&#8221; background_color_gradient_overlays_image=&#8221;on&#8221; background_image=&#8221;https://fundacio.udl.cat/wp-content/uploads/relacions-universitat-lleida-empresa.jpg&#8221; background_position=&#8221;top_center&#8221; custom_padding=&#8221;60px||10px&#8221; custom_padding_tablet=&#8221;10px||10px&#8221; custom_padding_phone=&#8221;&#8221; global_module=&#8221;544&#8243; saved_tabs=&#8221;all&#8221; locked=&#8221;off&#8221; collapsed=&#8221;on&#8221;][et_pb_row _builder_version=&#8221;3.29.3&#8243; background_size=&#8221;initial&#8221; background_position=&#8221;top_left&#8221; background_repeat=&#8221;repeat&#8221;][et_pb_column type=&#8221;4_4&#8243; _builder_version=&#8221;3.29.3&#8243;][et_pb_post_title meta=&#8221;off&#8221; featured_image=&#8221;off&#8221; _builder_version=&#8221;4.0.6&#8243; title_font=&#8221;||||||||&#8221; title_text_color=&#8221;#ffffff&#8221; title_font_size=&#8221;3em&#8221; title_font_size_tablet=&#8221;2.5em&#8221; title_font_size_phone=&#8221;2em&#8221; title_font_size_last_edited=&#8221;on|phone&#8221; title_text_shadow_style=&#8221;preset3&#8243;][/et_pb_post_title][/et_pb_column][/et_pb_row][/et_pb_section][et_pb_section fb_built=&#8221;1&#8243; _builder_version=&#8221;3.22&#8243;][et_pb_row _builder_version=&#8221;3.25&#8243;][et_pb_column type=&#8221;4_4&#8243; _builder_version=&#8221;3.25&#8243; custom_padding=&#8221;|||&#8221; custom_padding__hover=&#8221;|||&#8221;][et_pb_text admin_label=&#8221;Text&#8221; _builder_version=&#8221;4.0.9&#8243; hover_enabled=&#8221;0&#8243;]</p>
<p>La Fundació UdL té com a objectiu fomentar i promoure les relacions de la Universitat de Lleida amb les entitats públiques, empreses i institucions privades, a fi de potenciar les activitats de recerca de la Universitat així com la transferència de coneixement i tecnologia.</p>
<p>[/et_pb_text][/et_pb_column][/et_pb_row][et_pb_row _builder_version=&#8221;3.29.3&#8243; custom_padding=&#8221;0px||0px||false|false&#8221;][et_pb_column type=&#8221;4_4&#8243; _builder_version=&#8221;3.25&#8243; custom_padding=&#8221;|||&#8221; custom_padding__hover=&#8221;|||&#8221;][et_pb_text admin_label=&#8221;Què fem?&#8221; _builder_version=&#8221;4.0.6&#8243;]</p>
<h2>Què fem?</h2>
<p>[/et_pb_text][/et_pb_column][/et_pb_row][et_pb_row column_structure=&#8221;1_3,1_3,1_3&#8243; _builder_version=&#8221;3.29.3&#8243;][et_pb_column type=&#8221;1_3&#8243; _builder_version=&#8221;3.29.3&#8243;][et_pb_blurb use_icon=&#8221;on&#8221; font_icon=&#8221;%%45%%&#8221; icon_placement=&#8221;left&#8221; admin_label=&#8221;Promoure&#8230;&#8221; _builder_version=&#8221;4.0.9&#8243; animation_style=&#8221;fade&#8221; hover_enabled=&#8221;0&#8243;]</p>
<p style="text-align: left;">Promoure la inversió, ajudes i patrocini per a desenvolupar projectes i activitats que tinguin com objectiu la recerca científica i la transferència de coneixement i tecnologia de la UdL.</p>
<p>[/et_pb_blurb][/et_pb_column][et_pb_column type=&#8221;1_3&#8243; _builder_version=&#8221;3.29.3&#8243;][et_pb_blurb use_icon=&#8221;on&#8221; font_icon=&#8221;%%45%%&#8221; icon_placement=&#8221;left&#8221; admin_label=&#8221;Formalitzar&#8230;&#8221; _builder_version=&#8221;4.0.9&#8243; animation_style=&#8221;fade&#8221; hover_enabled=&#8221;0&#8243;]</p>
<p style="text-align: left;">Assessorar les empreses en la preparació de contractes i convenis de recerca, desenvolupament i innovació en els que participi la UdL.</p>
<p>[/et_pb_blurb][/et_pb_column][et_pb_column type=&#8221;1_3&#8243; _builder_version=&#8221;3.29.3&#8243;][et_pb_blurb use_icon=&#8221;on&#8221; font_icon=&#8221;%%45%%&#8221; icon_placement=&#8221;left&#8221; admin_label=&#8221;Assessorar&#8230;&#8221; _builder_version=&#8221;4.0.9&#8243; animation_style=&#8221;fade&#8221; hover_enabled=&#8221;0&#8243;]</p>
<p style="text-align: left;">Difondre i incentivar l’ús de la cartera de serveis que la UdL ofereix a les empreses.</p>
<p>[/et_pb_blurb][/et_pb_column][/et_pb_row][et_pb_row column_structure=&#8221;1_3,1_3,1_3&#8243; custom_padding_last_edited=&#8221;on|tablet&#8221; _builder_version=&#8221;3.29.3&#8243; custom_padding=&#8221;||||false|false&#8221; custom_padding_tablet=&#8221;0px||||false|false&#8221; custom_padding_phone=&#8221;&#8221;][et_pb_column type=&#8221;1_3&#8243; _builder_version=&#8221;3.29.3&#8243;][et_pb_blurb use_icon=&#8221;on&#8221; font_icon=&#8221;%%45%%&#8221; icon_placement=&#8221;left&#8221; admin_label=&#8221;Recolzament&#8230;&#8221; _builder_version=&#8221;4.0.9&#8243; animation_style=&#8221;fade&#8221; hover_enabled=&#8221;0&#8243;]</p>
<p style="text-align: left;">Organitzar i gestionar activitats de formació continuada d’acord amb les necessitats de l’empresa.</p>
<p>[/et_pb_blurb][/et_pb_column][et_pb_column type=&#8221;1_3&#8243; _builder_version=&#8221;3.29.3&#8243;][et_pb_blurb use_icon=&#8221;on&#8221; font_icon=&#8221;%%45%%&#8221; icon_placement=&#8221;left&#8221; admin_label=&#8221;Accions&#8230;&#8221; _builder_version=&#8221;4.0.9&#8243; animation_style=&#8221;fade&#8221; hover_enabled=&#8221;0&#8243;]</p>
<p style="text-align: left;">Coordinar i realitzar treballs, estudis i informes que siguin d’interès per a les entitats públiques, empreses i institucions privades en qualsevol àrea o disciplina.</p>
<p>[/et_pb_blurb][/et_pb_column][et_pb_column type=&#8221;1_3&#8243; _builder_version=&#8221;3.29.3&#8243;][et_pb_blurb use_icon=&#8221;on&#8221; font_icon=&#8221;%%45%%&#8221; icon_placement=&#8221;left&#8221; admin_label=&#8221;Realització&#8230;&#8221; _builder_version=&#8221;4.0.9&#8243; animation_style=&#8221;fade&#8221; hover_enabled=&#8221;0&#8243;]</p>
<p style="text-align: left;">Incentivar la formació dual i la realització de pràctiques de l’estudiant en l’empresa.</p>
<p>[/et_pb_blurb][/et_pb_column][/et_pb_row][/et_pb_section]</p>

<p>La Fundació UdL té com a objectiu fomentar i promoure les relacions de la Universitat de Lleida amb les entitats públiques, empreses i institucions privades, a fi de potenciar les activitats de recerca de la Universitat així com la transferència de coneixement i tecnologia. Què fem? Promoure la inversió, ajudes i patrocini per a desenvolupar [&hellip;]</p>

<!-- wp:paragraph -->
<p>This is an example page. It's different from a blog post because it will stay in one place and will show up in your site navigation (in most themes). Most people start with an About page that introduces them to potential site visitors. It might say something like this:</p>
<!-- /wp:paragraph -->

<!-- wp:quote -->
<blockquote class="wp-block-quote"><p>Hi there! I'm a bike messenger by day, aspiring actor by night, and this is my website. I live in Los Angeles, have a great dog named Jack, and I like piña coladas. (And gettin' caught in the rain.)</p></blockquote>
<!-- /wp:quote -->

<!-- wp:paragraph -->
<p>...or something like this:</p>
<!-- /wp:paragraph -->

<!-- wp:quote -->
<blockquote class="wp-block-quote"><p>The XYZ Doohickey Company was founded in 1971, and has been providing quality doohickeys to the public ever since. Located in Gotham City, XYZ employs over 2,000 people and does all kinds of awesome things for the Gotham community.</p></blockquote>
<!-- /wp:quote -->

<!-- wp:paragraph -->
<p>As a new WordPress user, you should go to <a href="https://fundacio.udl.cat/wp-admin/">your dashboard</a> to delete this page and create new pages for your content. Have fun!</p>
<!-- /wp:paragraph -->
